en 29 is divided by y.
7
Suppose 5*t + 15 = 0, 55 = 3*l + l + 3*t. What is the remainder when l is divided by 6?
4
Let c be 9/2 - (-3)/(-6). Suppose -2*p - 84 = -c*p. What is the remainder when p is divided by 15?
12
Let l(k) = -k**2 + 7*k - 3. Let u be l(6). Suppose -r = -0*r - 24. Calculate the remainder when r is divided by (2/6)/(u/117).
11
Let g(x) = x**3 + 7*x**2 - 2*x - 17. Calculate the remainder when g(-6) is divided by 7.
3
Let i = 4 + 0. Suppose 5*y + i*v = 4*y + 48, -4*y = v - 207. Calculate the remainder when y is divided by 18.
16
What is the remainder when 4/(-26) - (-483)/13 is divided by 8?
5
Let u(a) = a + 12. Let f be u(0). Calculate the remainder when (-452)/(-9) - 6/27 is divided by 4/f + 100/6.
16
Suppose -5*o + 5*d + 30 = -2*o, 0 = -3*o - 5*d. What is the remainder when 14 is divided by o?
4
What is the remainder when (-4)/14 - 1278/(-14) is divided by 19?
15
Suppose h + 3 = 2*g, -4*h - 4*g + 10 = -2*h. What is the remainder when 1 is divided by h?
0
Let w = -675 - -1479. Calculate the remainder when 87 is divided by 4/18 - w/(-27).
27
Let o = -8 + 12. Suppose 3*d + 22 = 4*v, 0*d = -4*d + 8. What is the remainder when v is divided by o?
3
What is the remainder when 6 is divided by 2*3/(-6) - -3?
0
Let t(h) = 3*h - 7. What is the remainder when t(6) is divided by 3?
2
Suppose 0 = -3*s + 2*x + 48, x - 21 = -s - 0*x. Let o(p) = 8*p**3 + 3*p**2 - 3*p + 1. What is the remainder when o(2) is divided by s?
17
Suppose 2*i = -3*m + 35, 4*i - 21 - 43 = -4*m. Let d(k) = -7*k - 10. Calculate the remainder when d(-5) is divided by i.
12
Suppose -4*a - 3*a = -7. What is the remainder when 2 is divided by a?
0
Suppose -6 = o - 2*t, 2*o + 0*o - t = 0. Let q = o - -1. Calculate the remainder when ((-10)/(-8))/((-4)/(-16)) is divided by q.
2
Calculate the remainder when 47 is divided by -12*(-3 + -1 + 2).
23
Suppose -6*u + 114 = -132. What is the remainder when u is divided by 9?
5
Let d = -2 + 17. What is the remainder when 42 is divided by d?
12
Let l = -27 + 46. Calculate the remainder when 75 is divided by l.
18
Let m = -27 - -46. Suppose 0*g = g - m. Calculate the remainder when g is divided by 10.
9
Let m = -4 - -3. Suppose -5*y + 16 - 2 = 4*q, -2*y + 9 = 5*q. What is the remainder when q is divided by 2/2*(m - -2)?
0
Let v(p) be the second derivative of -37*p**3/6 - p**2/2 - p. What is the remainder when v(-2) is divided by 25?
23
Suppose -2*p + 10 + 59 = -5*q, 3*q - 3*p + 36 = 0. Let m be (q/(-6))/(1/4). Let y(v) = 3*v + 2. What is the remainder when y(m) is divided by 11?
10
Suppose -41 = -6*k + 889. What is the remainder when k is divided by 39?
38
What is the remainder when 54 is divided by 68/5 + 13/(455/14)?
12
Suppose -3 + 15 = 2*j. Let d = 12 + j. Calculate the remainder when 53 is divided by d.
17
Calculate the remainder when 50 is divided by (-10)/35 - (-6)/28*62.
11
Suppose 2*z = -2*p + 236, -7 = -z + 2*p + 120. Calculate the remainder when z is divided by 31.
28
Let p(b) = -b**3 + 10*b**2 + 13*b - 3. Suppose 0 = w + 5*c - 30, -2*w + 5*c = -0*w. Calculate the remainder when p(11) is divided by w.
9
Let t = -47 + 52. What is the remainder when 32 is divided by t?
2
Let f(u) = u + 14. Suppose 2*s + 7 = -1. Let d be s/(-14) - (-6)/(-21). Calculate the remainder when 26 is divided by f(d).
12
Suppose 0 = d - 4*x - 39, 0 = -2*d - 4*x + x + 45. What is the remainder when d is divided by 5?
2
Let p(f) = 17*f**3 + f**2 - 1. Let k(o) = -o**2 + 11*o - 6. Let z be k(10). Let c = z + 6. What is the remainder when p(1) is divided by c?
7
Let q(p) = -11 + 4*p + 11. Suppose -3*h + 2 = -d - 3*d, 4*d - 2*h = 0. Calculate the remainder when q(d) is divided by 3.
1
Calculate the remainder when (-1)/((-6)/(-9))*(-1 - 57) is divided by 9.
6
Let p(v) be the third derivative of v**5/60 - v**4/24 + 2*v**2. Let b = 5 - 8. Calculate the remainder when 34 is divided by p(b).
10
Suppose 2*y = -3*i + 18, 0 = 3*i + 5*y - 8 - 10. What is the remainder when 40 is divided by i?
4
Calculate the remainder when 26 is divided by 507/39 - 1*-2*1.
11
Let j(g) = 2*g - 10. Let u(t) = -3*t + 20. Let h(v) = 5*j(v) + 3*u(v). Let x = 1 - 9. Calculate the remainder when h(x) is divided by 1.
0
Let o = 69 - 43. What is the remainder when 154 is divided by o?
24
Suppose p = 4*x + 6, 5*x - 1 = -4*p + 2. What is the remainder when (-210)/(-18) + p/(-3) is divided by 4?
3
Suppose -16 = -2*g + 2*f, 0 = -g + 4*f - 0*f + 20. What is the remainder when 14 is divided by g?
2
Suppose 0 = -4*l + 5*n + 109, -6*n + 43 = l - 2*n. What is the remainder when l is divided by 16?
15
Let i(d) = 3*d**2 + 5*d + 3. Calculate the remainder when 17 is divided by i(-2).
2
Suppose 3*w - 48 = -r - 7, -5*r - 55 = -5*w. Let x(u) = -u**3 + 2*u**2 + 4*u + 3. Calculate the remainder when x(-3) is divided by w.
10
Let x = 17 + -7. What is the remainder when 31 is divided by x?
1
Let t(v) = -5 + v**2 + 1 - 1 - 3*v. Let l(q) = -5*q - 3. Calculate the remainder when t(6) is divided by l(-2).
6
Suppose -3*w = -4*w + 187. Calculate the remainder when w is divided by 21.
19
Suppose -14 = -2*d + 10. What is the remainder when 45 is divided by d?
9
Let n(t) = 11*t**3 + 2*t**2 + 2*t - 3. What is the remainder when n(2) is divided by 25?
22
Suppose -3*m + 1 - 8 = -5*k, -4*m + 10 = 3*k. What is the remainder when 2 is divided by k?
0
Calculate the remainder when (3 + -2 - -3) + 191 is divided by 33.
30
Let s(g) = -g + 2. Let n be s(2). What is the remainder when ((n + 20)*-1)/(-1) is divided by 7?
6
Suppose -2*z = -2 - 0, -2*z + 50 = 2*g. Suppose 0 = -4*f + f + 210. What is the remainder when f is divided by g?
22
Let q(n) = 2*n**2 + 4*n - 7. Suppose -2*y = 3*i - 3, 2*i = -y - 0*i. Let s = y - 11. What is the remainder when q(s) is divided by 12?
11
Suppose 0 = -0*x - 2*x - 8. Let z = x - -2. Calculate the remainder when 42 is divided by z/4 - (-46)/4.
9
Suppose -3*k - 5*t = -28, t = 3*k + 2*k. Let m(b) = -b + 2. What is the remainder when m(0) is divided by k?
0
What is the remainder when 29 is divided by ((-15)/12)/((-1)/8)?
9
Suppose 2*b + b + 24 = 0. Calculate the remainder when (-4)/1 + (-3 - -36) is divided by -10*1/b*8.
9
Suppose 0 = -28*z + 25*z + 132. What is the remainder when z is divided by 9?
8
Let f(y) = y + y + 0*y - 7. Let j be f(5). Suppose 2*h = -h + j. What is the remainder when 2 is divided by h?
0
Suppose 169 = 2*t + q, -4*t + 0*t - 5*q = -341. Suppose -4*j + o = 4*o + 65, o = -5*j - t. Let d = j - -55. Calculate the remainder when d is divided by 13.
12
Calculate the remainder when 1*8*56/16 is divided by 10.
8
Let y(m) = -4*m - 16. Let t(h) = 18*h**2 + 3*h - 2. Let p be t(2). Let s = p + -45. What is the remainder when s is divided by y(-8)?
15
Let g = -33 + 23. Let t be (-5)/(-10) + g/(-4). Suppose 0 = t*a - 4*a + 8. What is the remainder when 22 is divided by a?
6
Suppose -i - i - 14 = -4*a, -3*i - 6 = -3*a. Suppose j + 0*j + 5*n = 13, a*n - 41 = -2*j. Let o = -7 + 22. What is the remainder when j is divided by o?
13
Let r(m) = m + 21. Calculate the remainder when r(0) is divided by (3/9)/((-1)/(-33)).
10
Let x be -3 + 7 + 1*-2. Let k(u) = 4*u + 2. Suppose 2*p = -3*q + 6 + 26, p = 2*q + 23. Calculate the remainder when p is divided by k(x).
9
Let b = 23 - 11. Suppose -b = -5*w - 2. What is the remainder when 13 is divided by w/2*(-14)/(-2)?
6
Let o(r) = 15*r**3 + 2*r - 1. Let k = 12 + -8. Suppose -k*n = 16, n = 4*w + 2*n. Calculate the remainder when o(w) is divided by 6.
4
Let z be (-12)/14*(4 + -11). What is the remainder when 29 is divided by 2/1 + 8 + z?
13
Suppose -6*w + 249 = -213. What is the remainder when w is divided by 16?
13
Suppose -5*u + d = -85, 3*u = -d - 2 + 53. Suppose 5*g = -4*n + 44, -2*n + 5*g = n + 2. Calculate the remainder when u is divided by n.
5
Let n(q) = -6*q - 2. Suppose -3*t + 363 - 42 = -4*z, 3*t - 69 = z. Let b = -54 - z. What is the remainder when b is divided by n(-3)?
14
Calculate the remainder when 46 is divided by ((-20)/(-15))/(3/27).
10
Let h(x) be the third derivative of x**4/12 - x**3/2 - x**2. Let w be h(3). Suppose -68 = t - w*t. Calculate the remainder when t is divided by 12.
10
Suppose 5*g + 25 = 0, -6*g = -3*f - g + 67. What is the remainder when 53 is divided by f?
11
Let g be (4 + -2)*33/2. Suppose h - g = -3*j, 0*j = -4*j - 5*h + 